{"id":1372,"date":"2025-11-16T12:16:47","date_gmt":"2025-11-16T12:16:47","guid":{"rendered":"https:\/\/burg-vetzberg.de\/?page_id=1372"},"modified":"2026-04-17T13:04:52","modified_gmt":"2026-04-17T13:04:52","slug":"startseite","status":"publish","type":"page","link":"https:\/\/burg-vetzberg.de\/start\/startseite\/","title":{"rendered":"Startseite"},"content":{"rendered":"<section class=\"l-section wpb_row header-video height_medium full_height valign_center with_video with_shape\" id=\"home\"><div id=\"us_bg_video_cd64\" class=\"l-section-video\"><script id=\"us_bg_video_cd64-script\">!function(w){var node = document.getElementById( 'us_bg_video_cd64' );if ( w.innerWidth <= 100 ) { node.remove() }}(window);<\/script><style>@media(max-width:100px){#us_bg_video_cd64{display:none!important}}<\/style><video  autoplay loop muted playsinline preload=\"auto\" tabindex=\"-1\"><source type=\"video\/mp4\" src=\"https:\/\/burg-vetzberg.de\/wp-content\/uploads\/2025\/11\/01.mp4\" \/><\/video><\/div><div class=\"l-section-overlay\" style=\"background:rgba(20,20,20,0.75)\"><\/div><div class=\"l-section-shape type_triangle pos_bottom\" style=\"height:20vmin;\"><svg xmlns=\"http:\/\/www.w3.org\/2000\/svg\" viewBox=\"0 0 64 8\" preserveAspectRatio=\"none\" width=\"100%\" height=\"100%\">\r\n\t<path fill=\"currentColor\" d=\"M64 8 L0 8 L0 0 L32 7.9 L64 0 Z\"\/>\r\n<\/svg><\/div><div class=\"l-section-h i-cf\"><div class=\"g-cols vc_row via_flex valign_top type_default stacking_default\"><div class=\"vc_col-sm-12 wpb_column vc_column_container\"><div class=\"vc_column-inner\"><div class=\"wpb_wrapper\"><h1 class=\"w-text us_custom_770ea57f background_inside_text\"><span class=\"w-text-h\"><span class=\"w-text-value\">Burg Vetzberg<\/span><\/span><\/h1><div class=\"wpb_text_column\"><div class=\"wpb_wrapper\"><h2 class=\"opening-hours\"><span>Donnerstag &#8211; Samstag\u00a0ab\u00a017:00\u00a0Uhr<\/span><br \/>\n<span>Sonntag\u00a0ab\u00a011:00\u00a0Uhr<\/span><\/h2>\n<\/div><\/div><\/div><\/div><\/div><\/div><\/div><\/section><section class=\"l-section wpb_row height_medium\" id=\"Willkommen\"><div class=\"l-section-h i-cf\"><div class=\"g-cols vc_row via_flex valign_top type_default stacking_default\"><div class=\"vc_col-sm-6 wpb_column vc_column_container\"><div class=\"vc_column-inner\"><div class=\"wpb_wrapper\"><div class=\"wpb_text_column\"><div class=\"wpb_wrapper\"><h2 style=\"font-size: 44px; line-height: 1.2; text-align: center;\" data-start=\"185\" data-end=\"423\">Willkommen auf der Burg Vetzberg<\/h2>\n<p><strong>\u2013 Ihrem Ausflugslokal &amp; Ihrer Eventlocation mit einem traumhaften Ausblick \u00fcber die Region.<\/strong><\/p>\n<p>Hier verbinden sich Geschichte, Genuss und Gastfreundschaft zu einem Ort, an dem man sich sofort wohlf\u00fchlt.<\/p>\n<p data-start=\"425\" data-end=\"735\">Unsere K\u00fcche bietet Ihnen <strong data-start=\"451\" data-end=\"488\">regionale hessische Spezialit\u00e4ten<\/strong>, knusprige <strong data-start=\"500\" data-end=\"513\">Schnitzel<\/strong> sowie hausgemachte Gerichte, die mit viel Liebe zubereitet werden. Ob f\u00fcr eine entspannte Einkehr nach einem Ausflug, ein gem\u00fctliches Essen mit Freunden oder eine besondere Feier \u2013 bei uns finden Sie den passenden Rahmen.<\/p>\n<p data-start=\"737\" data-end=\"871\">Genie\u00dfen Sie gute Speisen und Getr\u00e4nke, herzlichen Service und den einzigartigen Blick von der Burg.<\/p>\n<h2 style=\"font-size: 44px; line-height: 1.2; text-align: center;\">Wir freuen uns auf Ihren Besuch!<\/h2>\n<\/div><\/div><\/div><\/div><\/div><div class=\"vc_col-sm-6 wpb_column vc_column_container\"><div class=\"vc_column-inner\"><div class=\"wpb_wrapper\"><div class=\"w-image align_center\"><div class=\"w-image-h\"><img data-recalc-dims=\"1\" decoding=\"async\" width=\"480\" height=\"600\" src=\"https:\/\/i0.wp.com\/burg-vetzberg.de\/wp-content\/uploads\/2026\/04\/Spargel-Essen2-480x600.jpeg?resize=480%2C600&#038;ssl=1\" class=\"attachment-us_800_600 size-us_800_600\" alt=\"\" loading=\"lazy\" srcset=\"https:\/\/i0.wp.com\/burg-vetzberg.de\/wp-content\/uploads\/2026\/04\/Spargel-Essen2.jpeg?resize=480%2C600&amp;ssl=1 480w, https:\/\/i0.wp.com\/burg-vetzberg.de\/wp-content\/uploads\/2026\/04\/Spargel-Essen2.jpeg?resize=240%2C300&amp;ssl=1 240w, https:\/\/i0.wp.com\/burg-vetzberg.de\/wp-content\/uploads\/2026\/04\/Spargel-Essen2.jpeg?resize=819%2C1024&amp;ssl=1 819w, https:\/\/i0.wp.com\/burg-vetzberg.de\/wp-content\/uploads\/2026\/04\/Spargel-Essen2.jpeg?resize=320%2C400&amp;ssl=1 320w, https:\/\/i0.wp.com\/burg-vetzberg.de\/wp-content\/uploads\/2026\/04\/Spargel-Essen2.jpeg?w=1080&amp;ssl=1 1080w\" sizes=\"auto, (max-width: 480px) 100vw, 480px\" \/><\/div><\/div><\/div><\/div><\/div><\/div><\/div><\/section><section class=\"l-section wpb_row height_medium\" id=\"Willkommen\"><div class=\"l-section-h i-cf\"><div class=\"g-cols vc_row via_flex valign_top type_default stacking_default\"><div class=\"vc_col-sm-12 wpb_column vc_column_container\"><div class=\"vc_column-inner\"><div class=\"wpb_wrapper\"><div class=\"wpb_text_column\"><div class=\"wpb_wrapper\"><h2 style=\"font-size: 44px; line-height: 1.2; text-align: center;\" data-start=\"185\" data-end=\"423\">Liebe G\u00e4ste,<\/h2>\n<p>wir m\u00f6chten Sie darauf hinweisen, ausschlie\u00dflich die auf der Karte rot markierten Parkfl\u00e4chen zu nutzen. Diese Bereiche sind optimal erreichbar und daf\u00fcr vorgesehen, den Besucherverkehr geordnet zu halten.<\/p>\n<p>Bitte parken Sie nur in den ausgewiesenen Zonen, um Anwohner sowie Rettungswege nicht zu beeintr\u00e4chtigen.<\/p>\n<p>Vielen Dank f\u00fcr Ihr Verst\u00e4ndnis und Ihre R\u00fccksichtnahme.<\/p>\n<p>Wir w\u00fcnschen Ihnen einen angenehmen Besuch auf der\u00a0Burg\u00a0Vetzberg!<\/p>\n<\/div><\/div><div class=\"w-image align_center\"><div class=\"w-image-h\"><img decoding=\"async\" width=\"2560\" height=\"1069\" src=\"https:\/\/i0.wp.com\/burg-vetzberg.de\/wp-content\/uploads\/2025\/12\/Parkplaetze-Vetzberg-01-scaled.jpg?fit=2560%2C1069&amp;ssl=1\" class=\"attachment-full size-full\" alt=\"\" loading=\"lazy\" srcset=\"https:\/\/i0.wp.com\/burg-vetzberg.de\/wp-content\/uploads\/2025\/12\/Parkplaetze-Vetzberg-01-scaled.jpg?w=2560&amp;ssl=1 2560w, https:\/\/i0.wp.com\/burg-vetzberg.de\/wp-content\/uploads\/2025\/12\/Parkplaetze-Vetzberg-01-scaled.jpg?resize=300%2C125&amp;ssl=1 300w, https:\/\/i0.wp.com\/burg-vetzberg.de\/wp-content\/uploads\/2025\/12\/Parkplaetze-Vetzberg-01-scaled.jpg?resize=1024%2C428&amp;ssl=1 1024w, https:\/\/i0.wp.com\/burg-vetzberg.de\/wp-content\/uploads\/2025\/12\/Parkplaetze-Vetzberg-01-scaled.jpg?resize=600%2C251&amp;ssl=1 600w, https:\/\/i0.wp.com\/burg-vetzberg.de\/wp-content\/uploads\/2025\/12\/Parkplaetze-Vetzberg-01-scaled.jpg?resize=800%2C334&amp;ssl=1 800w, https:\/\/i0.wp.com\/burg-vetzberg.de\/wp-content\/uploads\/2025\/12\/Parkplaetze-Vetzberg-01-scaled.jpg?w=2280&amp;ssl=1 2280w\" sizes=\"auto, (max-width: 1140px) 100vw, 1140px\" \/><\/div><\/div><\/div><\/div><\/div><\/div><\/div><\/section><section class=\"l-section wpb_row height_medium\" id=\"special-events\"><div class=\"l-section-h i-cf\"><div class=\"g-cols vc_row via_flex valign_top type_default stacking_default\"><div class=\"vc_col-sm-12 wpb_column vc_column_container\"><div class=\"vc_column-inner\"><div class=\"wpb_wrapper\"><div class=\"wpb_text_column\"><div class=\"wpb_wrapper\"><h1 style=\"text-align: center; font-size: 70px; line-height: 1.2;\">Special Events<\/h1>\n<\/div><\/div><div class=\"w-separator size_medium\"><\/div><div class=\"g-cols wpb_row via_flex valign_top type_default stacking_default\"><div class=\"vc_col-sm-4 wpb_column vc_column_container\"><div class=\"vc_column-inner\"><div class=\"wpb_wrapper\"><div class=\"w-image align_center\"><div class=\"w-image-h\"><img decoding=\"async\" width=\"212\" height=\"300\" src=\"https:\/\/i0.wp.com\/burg-vetzberg.de\/wp-content\/uploads\/2026\/03\/Spargal-Essen.jpeg?fit=212%2C300&amp;ssl=1\" class=\"attachment-medium size-medium\" alt=\"\" loading=\"lazy\" srcset=\"https:\/\/i0.wp.com\/burg-vetzberg.de\/wp-content\/uploads\/2026\/03\/Spargal-Essen.jpeg?w=1414&amp;ssl=1 1414w, https:\/\/i0.wp.com\/burg-vetzberg.de\/wp-content\/uploads\/2026\/03\/Spargal-Essen.jpeg?resize=212%2C300&amp;ssl=1 212w, https:\/\/i0.wp.com\/burg-vetzberg.de\/wp-content\/uploads\/2026\/03\/Spargal-Essen.jpeg?resize=724%2C1024&amp;ssl=1 724w, https:\/\/i0.wp.com\/burg-vetzberg.de\/wp-content\/uploads\/2026\/03\/Spargal-Essen.jpeg?resize=283%2C400&amp;ssl=1 283w, https:\/\/i0.wp.com\/burg-vetzberg.de\/wp-content\/uploads\/2026\/03\/Spargal-Essen.jpeg?resize=424%2C600&amp;ssl=1 424w\" sizes=\"auto, (max-width: 212px) 100vw, 212px\" \/><\/div><\/div><div class=\"w-separator size_medium\"><\/div><div class=\"w-btn-wrapper align_center\"><a class=\"w-btn us-btn-style_2\" href=\"#Kontakt\"><span class=\"w-btn-label\">Jetzt reservieren<\/span><\/a><\/div><div class=\"w-separator size_medium\"><\/div><\/div><\/div><\/div><div class=\"vc_col-sm-4 wpb_column vc_column_container\"><div class=\"vc_column-inner\"><div class=\"wpb_wrapper\"><div class=\"w-image align_center\"><div class=\"w-image-h\"><img decoding=\"async\" width=\"240\" height=\"300\" src=\"https:\/\/i0.wp.com\/burg-vetzberg.de\/wp-content\/uploads\/2026\/03\/1.Mai_Burg_Vetzberg.jpeg?fit=240%2C300&amp;ssl=1\" class=\"attachment-medium size-medium\" alt=\"\" loading=\"lazy\" srcset=\"https:\/\/i0.wp.com\/burg-vetzberg.de\/wp-content\/uploads\/2026\/03\/1.Mai_Burg_Vetzberg.jpeg?w=1080&amp;ssl=1 1080w, https:\/\/i0.wp.com\/burg-vetzberg.de\/wp-content\/uploads\/2026\/03\/1.Mai_Burg_Vetzberg.jpeg?resize=240%2C300&amp;ssl=1 240w, https:\/\/i0.wp.com\/burg-vetzberg.de\/wp-content\/uploads\/2026\/03\/1.Mai_Burg_Vetzberg.jpeg?resize=819%2C1024&amp;ssl=1 819w, https:\/\/i0.wp.com\/burg-vetzberg.de\/wp-content\/uploads\/2026\/03\/1.Mai_Burg_Vetzberg.jpeg?resize=320%2C400&amp;ssl=1 320w, https:\/\/i0.wp.com\/burg-vetzberg.de\/wp-content\/uploads\/2026\/03\/1.Mai_Burg_Vetzberg.jpeg?resize=480%2C600&amp;ssl=1 480w\" sizes=\"auto, (max-width: 240px) 100vw, 240px\" \/><\/div><\/div><div class=\"w-separator size_medium\"><\/div><div class=\"w-btn-wrapper align_center\"><a class=\"w-btn us-btn-style_2\" href=\"#Kontakt\"><span class=\"w-btn-label\">Jetzt reservieren<\/span><\/a><\/div><div class=\"w-separator size_medium\"><\/div><\/div><\/div><\/div><div class=\"vc_col-sm-4 wpb_column vc_column_container\"><div class=\"vc_column-inner\"><div class=\"wpb_wrapper\"><div class=\"w-image align_center\"><div class=\"w-image-h\"><img decoding=\"async\" width=\"240\" height=\"300\" src=\"https:\/\/i0.wp.com\/burg-vetzberg.de\/wp-content\/uploads\/2026\/04\/banner-burg-scaled.jpg?fit=240%2C300&amp;ssl=1\" class=\"attachment-medium size-medium\" alt=\"\" loading=\"lazy\" srcset=\"https:\/\/i0.wp.com\/burg-vetzberg.de\/wp-content\/uploads\/2026\/04\/banner-burg-scaled.jpg?w=2048&amp;ssl=1 2048w, https:\/\/i0.wp.com\/burg-vetzberg.de\/wp-content\/uploads\/2026\/04\/banner-burg-scaled.jpg?resize=240%2C300&amp;ssl=1 240w, https:\/\/i0.wp.com\/burg-vetzberg.de\/wp-content\/uploads\/2026\/04\/banner-burg-scaled.jpg?resize=819%2C1024&amp;ssl=1 819w, https:\/\/i0.wp.com\/burg-vetzberg.de\/wp-content\/uploads\/2026\/04\/banner-burg-scaled.jpg?resize=320%2C400&amp;ssl=1 320w, https:\/\/i0.wp.com\/burg-vetzberg.de\/wp-content\/uploads\/2026\/04\/banner-burg-scaled.jpg?resize=480%2C600&amp;ssl=1 480w\" sizes=\"auto, (max-width: 240px) 100vw, 240px\" \/><\/div><\/div><div class=\"w-separator size_medium\"><\/div><div class=\"w-btn-wrapper align_center\"><a class=\"w-btn us-btn-style_2\" href=\"#Kontakt\"><span class=\"w-btn-label\">Jetzt reservieren<\/span><\/a><\/div><div class=\"w-separator size_medium\"><\/div><\/div><\/div><\/div><\/div><div class=\"g-cols wpb_row via_flex valign_top type_default stacking_default\"><div class=\"vc_col-sm-4 wpb_column vc_column_container\"><div class=\"vc_column-inner\"><div class=\"wpb_wrapper\"><div class=\"w-image align_center\"><div class=\"w-image-h\"><img decoding=\"async\" width=\"212\" height=\"300\" src=\"https:\/\/i0.wp.com\/burg-vetzberg.de\/wp-content\/uploads\/2026\/04\/VadderTag.jpeg?fit=212%2C300&amp;ssl=1\" class=\"attachment-medium size-medium\" alt=\"\" loading=\"lazy\" srcset=\"https:\/\/i0.wp.com\/burg-vetzberg.de\/wp-content\/uploads\/2026\/04\/VadderTag.jpeg?w=1414&amp;ssl=1 1414w, https:\/\/i0.wp.com\/burg-vetzberg.de\/wp-content\/uploads\/2026\/04\/VadderTag.jpeg?resize=212%2C300&amp;ssl=1 212w, https:\/\/i0.wp.com\/burg-vetzberg.de\/wp-content\/uploads\/2026\/04\/VadderTag.jpeg?resize=724%2C1024&amp;ssl=1 724w, https:\/\/i0.wp.com\/burg-vetzberg.de\/wp-content\/uploads\/2026\/04\/VadderTag.jpeg?resize=283%2C400&amp;ssl=1 283w, https:\/\/i0.wp.com\/burg-vetzberg.de\/wp-content\/uploads\/2026\/04\/VadderTag.jpeg?resize=424%2C600&amp;ssl=1 424w\" sizes=\"auto, (max-width: 212px) 100vw, 212px\" \/><\/div><\/div><div class=\"w-separator size_medium\"><\/div><div class=\"w-btn-wrapper align_center\"><a class=\"w-btn us-btn-style_2\" href=\"#Kontakt\"><span class=\"w-btn-label\">Jetzt reservieren<\/span><\/a><\/div><div class=\"w-separator size_medium\"><\/div><\/div><\/div><\/div><div class=\"vc_col-sm-4 wpb_column vc_column_container\"><div class=\"vc_column-inner\"><div class=\"wpb_wrapper\"><div class=\"w-image align_center\"><div class=\"w-image-h\"><img decoding=\"async\" width=\"240\" height=\"300\" src=\"https:\/\/i0.wp.com\/burg-vetzberg.de\/wp-content\/uploads\/2026\/03\/Sommer-Sonne-Spritz.jpeg?fit=240%2C300&amp;ssl=1\" class=\"attachment-medium size-medium\" alt=\"\" loading=\"lazy\" srcset=\"https:\/\/i0.wp.com\/burg-vetzberg.de\/wp-content\/uploads\/2026\/03\/Sommer-Sonne-Spritz.jpeg?w=1080&amp;ssl=1 1080w, https:\/\/i0.wp.com\/burg-vetzberg.de\/wp-content\/uploads\/2026\/03\/Sommer-Sonne-Spritz.jpeg?resize=240%2C300&amp;ssl=1 240w, https:\/\/i0.wp.com\/burg-vetzberg.de\/wp-content\/uploads\/2026\/03\/Sommer-Sonne-Spritz.jpeg?resize=819%2C1024&amp;ssl=1 819w, https:\/\/i0.wp.com\/burg-vetzberg.de\/wp-content\/uploads\/2026\/03\/Sommer-Sonne-Spritz.jpeg?resize=320%2C400&amp;ssl=1 320w, https:\/\/i0.wp.com\/burg-vetzberg.de\/wp-content\/uploads\/2026\/03\/Sommer-Sonne-Spritz.jpeg?resize=480%2C600&amp;ssl=1 480w\" sizes=\"auto, (max-width: 240px) 100vw, 240px\" \/><\/div><\/div><div class=\"w-separator size_medium\"><\/div><div class=\"w-btn-wrapper align_center\"><a class=\"w-btn us-btn-style_2\" href=\"#Kontakt\"><span class=\"w-btn-label\">Jetzt reservieren<\/span><\/a><\/div><div class=\"w-separator size_medium\"><\/div><\/div><\/div><\/div><div class=\"vc_col-sm-4 wpb_column vc_column_container\"><div class=\"vc_column-inner\"><div class=\"wpb_wrapper\"><div class=\"w-image align_center\"><div class=\"w-image-h\"><img decoding=\"async\" width=\"212\" height=\"300\" src=\"https:\/\/i0.wp.com\/burg-vetzberg.de\/wp-content\/uploads\/2026\/03\/Kaffe_und_Kuchen_Sonntag_Burg_Vetzberg.jpeg?fit=212%2C300&amp;ssl=1\" class=\"attachment-medium size-medium\" alt=\"\" loading=\"lazy\" srcset=\"https:\/\/i0.wp.com\/burg-vetzberg.de\/wp-content\/uploads\/2026\/03\/Kaffe_und_Kuchen_Sonntag_Burg_Vetzberg.jpeg?w=1131&amp;ssl=1 1131w, https:\/\/i0.wp.com\/burg-vetzberg.de\/wp-content\/uploads\/2026\/03\/Kaffe_und_Kuchen_Sonntag_Burg_Vetzberg.jpeg?resize=212%2C300&amp;ssl=1 212w, https:\/\/i0.wp.com\/burg-vetzberg.de\/wp-content\/uploads\/2026\/03\/Kaffe_und_Kuchen_Sonntag_Burg_Vetzberg.jpeg?resize=724%2C1024&amp;ssl=1 724w, https:\/\/i0.wp.com\/burg-vetzberg.de\/wp-content\/uploads\/2026\/03\/Kaffe_und_Kuchen_Sonntag_Burg_Vetzberg.jpeg?resize=283%2C400&amp;ssl=1 283w, https:\/\/i0.wp.com\/burg-vetzberg.de\/wp-content\/uploads\/2026\/03\/Kaffe_und_Kuchen_Sonntag_Burg_Vetzberg.jpeg?resize=424%2C600&amp;ssl=1 424w\" sizes=\"auto, (max-width: 212px) 100vw, 212px\" \/><\/div><\/div><div class=\"w-separator size_medium\"><\/div><div class=\"w-btn-wrapper align_center\"><a class=\"w-btn us-btn-style_2\" href=\"#Kontakt\"><span class=\"w-btn-label\">Jetzt reservieren<\/span><\/a><\/div><div class=\"w-separator size_medium\"><\/div><\/div><\/div><\/div><\/div><\/div><\/div><\/div><\/div><\/div><\/section><section class=\"l-section wpb_row height_medium\" id=\"Speisekarte\"><div class=\"l-section-h i-cf\"><div class=\"g-cols vc_row via_flex valign_top type_default stacking_default\"><div class=\"vc_col-sm-12 wpb_column vc_column_container\"><div class=\"vc_column-inner\"><div class=\"wpb_wrapper\"><div class=\"wpb_text_column\"><div class=\"wpb_wrapper\"><h1 style=\"text-align: center; font-size: 70px; line-height: 1.2;\">Speisekarte<\/h1>\n<\/div><\/div><div class=\"wpb_text_column\"><div class=\"wpb_wrapper\"><div class=\"_df_book df-lite\" id=\"df_1325\"  _slug=\"1325\" data-title=\"speisekarte-burg-vetzberg\" wpoptions=\"true\" thumb=\"https:\/\/burg-vetzberg.de\/wp-content\/uploads\/2025\/11\/WhatsApp-Bild-2025-11-13-um-11.25.07_f8ed2a69.jpg\" thumbtype=\"\" ><\/div><script class=\"df-shortcode-script\" nowprocket type=\"application\/javascript\">window.option_df_1325 = {\"outline\":[],\"backgroundColor\":\"c99852\",\"height\":\"600px\",\"autoEnableOutline\":\"false\",\"autoEnableThumbnail\":\"false\",\"overwritePDFOutline\":\"false\",\"direction\":\"1\",\"pageSize\":\"0\",\"controlsPosition\":\"hide\",\"source\":\"https:\\\/\\\/burg-vetzberg.de\\\/wp-content\\\/uploads\\\/2026\\\/03\\\/Speisekarte-Burg-Vetzberg_Maerz_2026_verkleinert.pdf\",\"wpOptions\":\"true\"}; if(window.DFLIP && window.DFLIP.parseBooks){window.DFLIP.parseBooks();}<\/script>\n<\/div><\/div><\/div><\/div><\/div><\/div><\/div><\/section><section class=\"l-section wpb_row height_medium\" id=\"Kontakt\"><div class=\"l-section-h i-cf\"><div class=\"g-cols vc_row via_flex valign_top type_default stacking_default\"><div class=\"vc_col-sm-6 wpb_column vc_column_container\"><div class=\"vc_column-inner\"><div class=\"wpb_wrapper\"><div class=\"w-iconbox iconpos_left style_circle color_primary align_left no_text\"><a href=\"mailto:info@burg-vetzberg.de\" class=\"w-iconbox-link\" aria-label=\"info@burg-vetzberg.de\"><div class=\"w-iconbox-icon\" style=\"font-size:22px;\"><i class=\"far fa-envelope\"><\/i><\/div><\/a><div class=\"w-iconbox-meta\"><h4 class=\"w-iconbox-title\"><a href=\"mailto:info@burg-vetzberg.de\" class=\"w-iconbox-link\" aria-label=\"info@burg-vetzberg.de\">info@burg-vetzberg.de<\/a><\/h4><\/div><\/div><div class=\"w-separator size_small\"><\/div><div class=\"w-iconbox iconpos_left style_circle color_primary align_left no_text\"><a href=\"tel:06409-8088300\" class=\"w-iconbox-link\" aria-label=\"06409-8088300\"><div class=\"w-iconbox-icon\" style=\"font-size:22px;\"><i class=\"far fa-phone\"><\/i><\/div><\/a><div class=\"w-iconbox-meta\"><h4 class=\"w-iconbox-title\"><a href=\"tel:06409-8088300\" class=\"w-iconbox-link\" aria-label=\"06409-8088300\">06409-8088300<\/a><\/h4><\/div><\/div><div class=\"w-separator size_small\"><\/div><div class=\"w-iconbox iconpos_left style_circle color_primary align_left no_text\"><div class=\"w-iconbox-icon\" style=\"font-size:22px;\"><i class=\"far fa-map-marker-alt\"><\/i><\/div><div class=\"w-iconbox-meta\"><h4 class=\"w-iconbox-title\">Burgstra\u00dfe 0, 35444 Biebertal<\/h4><\/div><\/div><div class=\"w-separator size_medium\"><\/div><div class=\"w-map provider_osm us_custom_3ce2d849\" id=\"us_map_1\"><div class=\"w-map-inner\"><div class=\"w-map-json\" onclick='return {&quot;address&quot;:&quot;Burgsch\\u00e4nke Vetzberg&quot;,&quot;disableDragging&quot;:0,&quot;disableZoom&quot;:0,&quot;hideControls&quot;:0,&quot;zoom&quot;:14,&quot;markers&quot;:[{&quot;address&quot;:&quot;Burgsch\\u00e4nke Vetzberg&quot;,&quot;html&quot;:&quot;&quot;,&quot;infowindow&quot;:0}],&quot;style&quot;:&quot;https:\\\/\\\/tile.openstreetmap.de\\\/{z}\\\/{x}\\\/{y}.png&quot;}'><\/div><\/div><\/div><\/div><\/div><\/div><div class=\"vc_col-sm-6 wpb_column vc_column_container\"><div class=\"vc_column-inner\"><div class=\"wpb_wrapper\"><div class=\"wpb_text_column\"><div class=\"wpb_wrapper\"><h2 style=\"font-size: 40px; line-height: 1.2; text-align: left;\">Fragen, W\u00fcnsche oder eine Reservierung?<\/h2>\n<p>F\u00fcr Reservierungen, Events oder besondere Anliegen \u2013 wir sind gerne f\u00fcr Sie da.<br data-start=\"934\" data-end=\"937\" \/>Schicken Sie uns eine Nachricht, und wir k\u00fcmmern uns um Ihr Anliegen.<br data-start=\"1006\" data-end=\"1009\" \/>Alternativ rufen Sie uns gerne direkt an.<\/p>\n<\/div><\/div><div class=\"w-separator size_small\"><\/div><form class=\"w-form  us-field-style_1 layout_ver show_message_after_sending for_cform us_form_1\" action=\"https:\/\/burg-vetzberg.de\/start\/start\/wp-json\/wp\/v2\/pages\/1372\" method=\"post\"><div class=\"w-form-h\"><div class=\"w-form-row for_text required with_icon\">\r\n\t\t<div class=\"w-form-row-field\">\r\n\t\t\t\t<i class=\"far fa-user\"><\/i>\t\t<input aria-label=\"Name\" type=\"text\" name=\"us_form_1_text_1\" value placeholder=\"Name *\" data-required=\"true\" aria-required=\"true\"\/>\r\n\t\t\t<\/div>\r\n\t\t<div class=\"w-form-row-state\">Bitte f\u00fcllen Sie dieses Feld aus.<\/div>\r\n<\/div>\r\n<div class=\"w-form-row for_text required with_icon\">\r\n\t\t<div class=\"w-form-row-field\">\r\n\t\t\t\t<i class=\"far fa-envelope\"><\/i>\t\t<input aria-label=\"Email\" type=\"text\" name=\"us_form_1_text_2\" value placeholder=\"Email *\" data-required=\"true\" aria-required=\"true\"\/>\r\n\t\t\t<\/div>\r\n\t\t<div class=\"w-form-row-state\">Bitte f\u00fcllen Sie dieses Feld aus.<\/div>\r\n<\/div>\r\n<div class=\"w-form-row for_text required with_icon\">\r\n\t\t<div class=\"w-form-row-field\">\r\n\t\t\t\t<i class=\"far fa-phone\"><\/i>\t\t<input aria-label=\"Telefonnummer\" inputmode=\"tel\" type=\"text\" name=\"us_form_1_text_3\" value placeholder=\"Telefonnummer *\" data-required=\"true\" aria-required=\"true\"\/>\r\n\t\t\t<\/div>\r\n\t\t<div class=\"w-form-row-state\">Bitte f\u00fcllen Sie dieses Feld aus.<\/div>\r\n<\/div>\r\n<div class=\"w-form-row for_text required with_icon\">\r\n\t\t<div class=\"w-form-row-field\">\r\n\t\t\t\t<i class=\"far fa-pen\"><\/i>\t\t<input aria-label=\"Betreff\" type=\"text\" name=\"us_form_1_text_4\" value placeholder=\"Betreff *\" data-required=\"true\" aria-required=\"true\"\/>\r\n\t\t\t<\/div>\r\n\t\t<div class=\"w-form-row-state\">Bitte f\u00fcllen Sie dieses Feld aus.<\/div>\r\n<\/div>\r\n<div class=\"w-form-row for_textarea required with_icon\">\r\n\t\t<div class=\"w-form-row-field\">\r\n\t\t\t\t<i class=\"far fa-pencil\"><\/i>\t\t<textarea aria-label=\"Ihre Nachricht\" name=\"us_form_1_textarea_1\" placeholder=\"Ihre Nachricht *\" data-required=\"true\" aria-required=\"true\"><\/textarea>\r\n\t\t\t<\/div>\r\n\t\t<div class=\"w-form-row-state\">Bitte f\u00fcllen Sie dieses Feld aus.<\/div>\r\n<\/div>\r\n<input type=\"hidden\" name=\"action\" value=\"us_ajax_cform\" \/>\r\n<input type=\"hidden\" name=\"post_id\" value=\"0\" \/>\r\n<input type=\"hidden\" name=\"form_index\" value=\"1\" \/>\r\n<div class=\"w-form-row for_submit align_center\"><button class=\"w-btn us-btn-style_2\" style=\"font-size:max( 1rem, 1.5vw );\" type=\"submit\" aria-label=\"Nachricht senden\"><span class=\"g-preloader type_1\"><\/span><span class=\"w-btn-label\">Nachricht senden<\/span><\/button><\/div><\/div><div class=\"w-form-message\"><\/div><div class=\"w-form-json hidden\" onclick='return {&quot;ajaxurl&quot;:&quot;https:\\\/\\\/burg-vetzberg.de\\\/wp-admin\\\/admin-ajax.php&quot;,&quot;messages&quot;:{&quot;err_empty&quot;:&quot;Bitte f\\u00fcllen Sie dieses Feld aus.&quot;,&quot;err_size&quot;:&quot;Die Dateigr\\u00f6\\u00dfe darf %s MB nicht \\u00fcberschreiten&quot;,&quot;err_extension&quot;:&quot;Dateityp %s ist nicht zul\\u00e4ssig&quot;,&quot;err_recaptcha_keys&quot;:&quot;reCAPTCHA-Schl\\u00fcssel sind fehlerhaft&quot;}}'><\/div><\/form><\/div><\/div><\/div><\/div><\/div><\/section>\n","protected":false},"excerpt":{"rendered":"Burg VetzbergDonnerstag &#8211; Samstag\u00a0ab\u00a017:00\u00a0Uhr Sonntag\u00a0ab\u00a011:00\u00a0Uhr Willkommen auf der Burg Vetzberg \u2013 Ihrem Ausflugslokal &amp; Ihrer Eventlocation mit einem traumhaften Ausblick \u00fcber die Region. Hier verbinden sich Geschichte, Genuss und Gastfreundschaft zu einem Ort, an dem man sich sofort wohlf\u00fchlt. Unsere K\u00fcche bietet Ihnen regionale hessische Spezialit\u00e4ten, knusprige Schnitzel sowie hausgemachte Gerichte, die mit viel Liebe...","protected":false},"author":2,"featured_media":0,"parent":0,"menu_order":0,"comment_status":"closed","ping_status":"closed","template":"","meta":{"_acf_changed":false,"advanced_seo_description":"","jetpack_seo_html_title":"","jetpack_seo_noindex":false,"footnotes":""},"class_list":["post-1372","page","type-page","status-publish","hentry"],"acf":[],"jetpack_sharing_enabled":true,"_links":{"self":[{"href":"https:\/\/burg-vetzberg.de\/start\/wp-json\/wp\/v2\/pages\/1372","targetHints":{"allow":["GET"]}}],"collection":[{"href":"https:\/\/burg-vetzberg.de\/start\/wp-json\/wp\/v2\/pages"}],"about":[{"href":"https:\/\/burg-vetzberg.de\/start\/wp-json\/wp\/v2\/types\/page"}],"author":[{"embeddable":true,"href":"https:\/\/burg-vetzberg.de\/start\/wp-json\/wp\/v2\/users\/2"}],"replies":[{"embeddable":true,"href":"https:\/\/burg-vetzberg.de\/start\/wp-json\/wp\/v2\/comments?post=1372"}],"version-history":[{"count":112,"href":"https:\/\/burg-vetzberg.de\/start\/wp-json\/wp\/v2\/pages\/1372\/revisions"}],"predecessor-version":[{"id":1764,"href":"https:\/\/burg-vetzberg.de\/start\/wp-json\/wp\/v2\/pages\/1372\/revisions\/1764"}],"wp:attachment":[{"href":"https:\/\/burg-vetzberg.de\/start\/wp-json\/wp\/v2\/media?parent=1372"}],"curies":[{"name":"wp","href":"https:\/\/api.w.org\/{rel}","templated":true}]}}